. What is j(0)?
32
Let f(u) = -u**3 + 8*u**2 - 7*u + 6. Give f(5).
46
Let q(c) = 104*c**2 + 1. Give q(-1).
105
Let v(j) = 106*j + 113. What is v(-1)?
7
Let u(o) = 46*o - 91. Determine u(2).
1
Let i(q) = q**2. What is i(6)?
36
Let p(r) = -r**2 - 27*r + 11. Determine p(-26).
37
Let s(c) = -12*c + 82. Calculate s(9).
-26
Let n(u) = u**2 - 7*u + 11. Give n(7).
11
Let a(o) = 19*o + 1. Calculate a(1).
20
Let l(o) = -o**3 + 5*o**2 - 5*o - 3. Determine l(6).
-69
Let o(n) = n**3 + 4*n**2 - 5*n - 13. Determine o(-4).
7
Let g(o) = 2*o**3 - 2*o**2. Determine g(3).
36
Let s(m) = m**3 - 26*m**2 + 47*m + 5. Calculate s(24).
-19
Let o(m) = m**3 - 10*m**2 - 4*m + 43. Calculate o(7).
-132
Let b(j) = -3*j**2 - 14*j - 9. What is b(-6)?
-33
Let w(f) = -f**3 + 7*f**2 + 12*f - 28. What is w(8)?
4
Let v(y) = 2*y**2 + 23*y + 58. Calculate v(-11).
47
Let q(g) = 2*g**2 + 15*g + 10. Determine q(-6).
-8
Let u(h) = -h**3 - 7*h**2 - 6*h + 2. Give u(-6).
2
Let m(c) = -56*c + 843. Determine m(15).
3
Let s(q) = 6*q + 47. Determine s(-9).
-7
Let l(x) = -5*x + 6. Determine l(4).
-14
Let m(b) = b**3 - 6*b**2 + 7*b - 4. Give m(4).
-8
Let c(v) = 7*v**2 + 7*v - 8. What is c(-4)?
76
Let p(x) = 2*x**2 - 27*x - 8. What is p(14)?
6
Let z(v) = v**3 - 2*v**2 - 15*v - 12. Calculate z(5).
-12
Let j(m) = -m**3 - 3*m**2 - 9*m - 35. Determine j(-4).
17
Let v(f) = -6*f - 134. Calculate v(-13).
-56
Let m(h) = -2*h**2 + 75*h + 207. Determine m(40).
7
Let f(d) = -8*d - 1. Calculate f(-6).
47
Let l(b) = -b**2 + 15*b + 12. Determine l(8).
68
Let r(c) = c**2 + 6*c + 9. Calculate r(-5).
4
Let l(b) = b**2 - 6*b. Give l(7).
7
Let k(m) = m**2 - 22*m - 14. Calculate k(22).
-14
Let s(h) = h**2 - 46*h - 94. Calculate s(-2).
2
Let b(j) = 2*j**3 + 9*j**2 + 15*j + 2. Determine b(-2).
-8
Let i(s) = -s**2 - 9*s - 10. Calculate i(0).
-10
Let z(u) = 2*u - 51. Give z(25).
-1
Let o(g) = 17*g - 43. What is o(3)?
8
Let a(b) = 9*b**3 - 4*b + 3. Determine a(2).
67
Let d(y) = -y. Give d(2).
-2
Let h(n) = n**3 + 14*n**2 - 17*n - 12. Give h(-15).
18
Let w(z) = -2*z + 11. What is w(19)?
-27
Let b(w) = -3*w**2 + 3*w - 2. Calculate b(2).
-8
Let n(c) = -4*c - 135. Calculate n(-28).
-23
Let h(q) = -2*q + 8. Determine h(7).
-6
Let k(f) = 95*f**2. Give k(-1).
95
Let f(c) = -c**3 + 12*c**2 + 16*c + 5. Determine f(13).
44
Let p(u) = u**2 - 11*u + 30. Give p(8).
6
Let v(k) = -k**2 - 3*k. Determine v(4).
-28
Let f(x) = -2*x + 5. What is f(3)?
-1
Let j(b) = 4*b**2 + 138*b - 66. Calculate j(-35).
4
Let y(m) = 7*m + 23. What is y(-4)?
-5
Let s(b) = -14*b - 32. Calculate s(5).
-102
Let k(p) = 3*p**2 - 19*p + 34. Give k(2).
8
Let m(z) = z**2 + 8*z + 4. Determine m(-7).
-3
Let o(s) = -s + 18. What is o(9)?
9
Let j(w) = -w**2 - 15*w - 2. Calculate j(-12).
34
Let p(k) = 14*k - 27. Calculate p(3).
15
Let g(x) = -x**3 + 10*x**2 + 12*x - 7. Calculate g(11).
4
Let a(f) = -5*f - 4. Determine a(-5).
21
Let g(t) = -t**3 + 14*t**2 + 14*t + 10. What is g(15)?
-5
Let y(x) = -11*x - 51. Give y(-5).
4
Let v(h) = -32*h + 174. Give v(5).
14
Let i(r) = 2*r**3 + 12*r**2 + 9*r + 3. What is i(-5)?
8
Let o(i) = -2*i**2 - i - 4. Calculate o(-4).
-32
Let j(k) = k**3 + 8*k**2 + 4*k - 2. Determine j(-7).
19
Let w(k) = k**2 + k + 2. Give w(-1).
2
Let u(j) = -j**2 + 16*j - 66. Calculate u(9).
-3
Let z(t) = t**2 - 20*t + 71. Determine z(5).
-4
Let a(d) = d**2 - 5*d + 17. Determine a(7).
31
Let s(m) = m**2 + m + 7. Calculate s(2).
13
Let q(p) = p**2 - 3*p + 2. Determine q(4).
6
Let c(u) = 3*u**2 + 7*u + 4. What is c(-4)?
24
Let m(w) = 8*w - 32. What is m(6)?
16
Let z(a) = 9*a**2 - 1. What is z(-1)?
8
Let j(v) = v + 21. Give j(0).
21
Let w(i) = -6*i + 32. Calculate w(6).
-4
Let i(s) = -s**3 + 12*s**2 - 9*s - 27. Give i(11).
-5
Let l(x) = x**2 - x - 11. What is l(6)?
19
Let t(z) = -z**3 + 4*z**2 + 20*z - 26. What is t(6)?
22
Let w(v) = -3*v**2 - v + 2. Calculate w(-2).
-8
Let f(i) = 2*i**2 - i - 7. Give f(3).
8
Let x(o) = -7*o + 91. Give x(9).
28
Let x(i) = i**2 - 7*i - 2. Calculate x(7).
-2
Let k(c) = -45*c + 5. Give k(1).
-40
Let l(g) = -4*g - 27. Give l(-6).
-3
Let b(k) = k**2 - 2. Determine b(-3).
7
Let d(g) = g**2 + 16*g + 17. Calculate d(-18).
53
Let d(l) = l**2 + 8*l + 10. What is d(-4)?
-6
Let u(v) = -v**2 - 7*v + 21. Determine u(-9).
3
Let v(y) = 9*y - 23. Calculate v(0).
-23
Let c(o) = o**2 + 33*o - 196. Determine c(5).
-6
Let n(q) = -13*q + 537. What is n(41)?
4
Let h(j) = -j**2 + 7*j + 6. What is h(8)?
-2
Let u(d) = -3*d - 83. Calculate u(-34).
19
Let h(a) = -2*a**3 - 30*a**2 + 5*a + 33. Give h(-15).
-42
Let m(y) = 2*y**2 - 21*y + 23. What is m(11)?
34
Let u(z) = 13*z + 131. Give u(-11).
-12
Let t(p) = -6*p + 149. Determine t(34).
-55
Let l(i) = -5*i + 45. Give l(9).
0
Let l(w) = -2*w**2 - 14*w - 16. What is l(-2)?
4
Let h(q) = -8*q**2 - 65*q + 6. Calculate h(-8).
14
Let k(f) = -4*f**2 - 23*f - 8. What is k(-5)?
7
Let h(t) = 58*t + 344. Calculate h(-6).
-4
Let w(d) = d**3 - 5*d**2 + 5*d - 5. Determine w(3).
-8
Let c(j) = j**2 + 11*j + 41. Determine c(-7).
13
Let g(r) = -r**3 + 12*r**2 - 32*r + 5. Determine g(8).
5
Let f(i) = i - 6. Give f(6).
0
Let o(y) = y - 33. Determine o(23).
-10
Let j(r) = 4*r**2 + 7*r + 4. Determine j(-3).
19
Let v(w) = -14*w - 19. Give v(-8).
93
Let g(k) = -9*k**2 - 81*k - 75. Determine g(-8).
-3
Let n(c) = 3*c**3 + c**2 + c + 2. Calculate n(-2).
-20
Let p(j) = -j**3 + 12*j**2 - 15*j + 15. Give p(11).
-29
Let h(d) = 11*d**3 - 2*d**2 - 6*d - 4. What is h(-1)?
-11
Let p(i) = -2*i + 2. What is p(-8)?
18
Let k(x) = x**3 - 20*x**2 + 37*x - 23. Give k(18).
-5
Let s(o) = 10*o - 3. Calculate s(-4).
-43
Let r(o) = o**3 - 9*o**2 - 14*o + 22. What is r(10)?
-18
Let w(x) = 5*x**2 + 4*x - 3. Give w(1).
6
Let i(h) = -h**3 - 6*h**2 - 8*h - 3. What is i(-4)?
-3
Let b(s) = s**3 + 3*s**2 - 12*s - 3. Give b(-5).
7
Let j(b) = 2*b**2 + 27*b + 126. Calculate j(-11).
71
Let g(v) = -v**3 - 10*v**2 + 6*v + 11. What is g(-11)?
66
Let t(x) = -x**3 + 2*x - 3. What is t(2)?
-7
Let f(m) = -17*m - 126. What is f(-7)?
-7
Let f(y) = y - 19. Calculate f(6).
-13
Let w(z) = z**3 + 3*z**2 - 8*z - 10. Give w(-5).
-20
Let r(h) = h**3 - 6*h**2 + 5*h - 4. Calculate r(5).
-4
Let w(t) = t**2 + t + 24. Calculate w(0).
24
Let u(p) = -p**2 - 14*p - 1. Determine u(-12).
23
Let c(d) = -4*d**2 + 1. Calculate c(3).
-35
Let a(k) = k**2 + 16*k + 52. Calculate a(-10).
-8
Let t(k) = 36*k + 836. What is t(-23)?
8
Let i(n) = -2*n**3 - 44*n**2 - 3*n - 61. Calculate i(-22).
5
Let y(p) = -p**2 + 20*p - 121. What is y(11)?
-22
Let b(y) = -y**3 - 8*y**2 + 4. Give b(-8).
4
Let y(b) = -b**2 + 22*b + 38. What is y(27)?
-97
Let y(d) = -4*d + 147. Give y(24).
51
Let a(t) = -3*t**3 + 1. Determine a(-1).
4
Let x(l) = -l**2 - 12*l - 31. What is x(-6)?
5
Let q(t) = -2*t - 6. Determine q(7).
-20
Let u(s) = 2*s**3 - 3*s**2 - 2*s - 7. Give u(3).
14
Let d(z) = -14*z - 63. Determine d(-4).
-7
Let u(a) = 3*a**2 + 7*a + 1. Determine u(-6).
67
Let b(h) = 4*h + 3. Determine b(8).
35
Let m(c) = c**3 + 10*c**2 + 9*c + 10. Determine m(-9).
10
Let a(f) = f**3 - 2*f**2 + 2*f - 10. Give a(2).
-6
Let q(w) = -15*w + 294. Calculate q(19).
9
Let j(k) = k**3 + 9*k**2 + 6*k + 10. Calculate j(-9).
-44
Let b(u) = -u - 8. Determine b(-9).
1
Let r(q) = -q**3 + 15*q**2 - 17*q - 3. Determine r(14).
-45
Let a(q) = -2*q**2 + 37*q - 59. Give a(17).
-8
Let n(d) = -d**3 - 3*d**2 + 4*d + 2. Calculate n(-4).
2
Let l(m) = -m**2 - 5*m + 7. What is l(-6)?
1
Let i(f) = -f. Calculate i(-11).
11
Let w(j) = -2*j**3 + 4*j**2 + 19*j. Give w(4).
12
Let p(d) = -d + 6. Give p(-3).
9
Let h(f) = f**2 + 6*f. Determine h(-5).
-5
Let u(j) = -8*j**2 + 87*j + 11. Give u(11).
0
Let v(f) = f**2 - 39*f + 2. What is v(39)?
2
Let p(m) = 3*m + 71. What is p(-18)?
17
Let z(p) = 3*p**2 + 29*p + 49. Give z(-10).
59
Let v(a) = a**3 + 2*a - 2. What is v(0)?
-2
Let u(w) = -4*w + 1. Calculate u(0).
1
Let h(f) = 12*f - 109. Determine h(8).
-13
Let c(u) = -2*u**3 - 16*u**2 - 5*u - 12. Give c(-8).
28
Let x(n) = -3*n**2 - 27*n - 61. What is x(-4)?
-1
Let l(s) = 2*s + 5. Calculate l(4).
13
Let c(x) = -x**3 + 6*x**2 + 11*x - 11. Give c(8).
-51
Let t(r) = r**2 - 12*r + 19. Determine t(10).
-1
Let c(j) = -j - 27. Calculate c(14).
-41
Let u(l) = l**3 + 6*l**2 + 4*l + 7. Determine u(-5).
12
Let s(d) = 50*d + 317. Calculate s(-6).
17
Let i(z) = -z**3 - 2*z**2 + 3*z + 4. Cal